{"id":27245,"date":"2026-01-29T18:51:04","date_gmt":"2026-01-29T17:51:04","guid":{"rendered":"https:\/\/dinaturez.com\/?post_type=product&#038;p=27245"},"modified":"2026-03-11T11:30:09","modified_gmt":"2026-03-11T10:30:09","slug":"pack-gardepro-a5-panel-solar-sp350","status":"publish","type":"product","link":"https:\/\/dinaturez.com\/pt\/product\/pack-gardepro-a5-panel-solar-sp350\/","title":{"rendered":"Pack GardePro A5 + Painel Solar SP350"},"content":{"rendered":"<h4 data-start=\"162\" data-end=\"414\" data-rm-block-id=\"block-1\">Aproveite este pacote <strong data-start=\"177\" data-end=\"196\">especial<\/strong> e equipar a sua c\u00e2mara com tudo o que precisa desde o primeiro dia. O <strong data-start=\"262\" data-end=\"277\">GardePro A5<\/strong> oferece imagens de alta qualidade, grava\u00e7\u00e3o Full HD, dete\u00e7\u00e3o r\u00e1pida de movimento e vis\u00e3o nocturna para uma monitoriza\u00e7\u00e3o eficaz 24 horas por dia.<\/h4>\n<h4 data-start=\"416\" data-end=\"657\" data-rm-block-id=\"block-2\">Quando compra o pacote, este inclui <strong data-start=\"450\" data-end=\"480\">Painel solar GardePro SP350<\/strong>, que prev\u00ea <strong data-start=\"498\" data-end=\"531\">energia cont\u00ednua e sustent\u00e1vel<\/strong>, Isto aumenta a autonomia da c\u00e2mara e reduz a utiliza\u00e7\u00e3o de pilhas, mesmo em instala\u00e7\u00f5es exteriores de longa dura\u00e7\u00e3o.<\/h4>\n<h4 data-start=\"659\" data-end=\"749\" data-rm-block-id=\"block-3\"><strong data-start=\"661\" data-end=\"749\">Mais autonomia, menos manuten\u00e7\u00e3o e melhor pre\u00e7o na compra conjunta dos dois produtos.<\/strong><\/h4>\n<h4 data-start=\"731\" data-end=\"814\" data-rm-block-id=\"block-4\"><strong data-start=\"734\" data-end=\"814\">A combina\u00e7\u00e3o perfeita para um funcionamento cont\u00ednuo e sem manuten\u00e7\u00e3o.<\/strong><\/h4>\n<ul>\n<li data-start=\"134\" data-end=\"471\">\n<p data-rm-block-id=\"block-6\">O <strong data-start=\"137\" data-end=\"152\">GardePro A5<\/strong> \u00e9 uma c\u00e2mara de capta\u00e7\u00e3o de imagens potente e f\u00e1cil de utilizar, ideal para observa\u00e7\u00e3o da vida selvagem e vigil\u00e2ncia exterior. Captura <strong data-start=\"281\" data-end=\"334\">fotografias de alta resolu\u00e7\u00e3o e v\u00eddeo Full HD<\/strong>, tem <strong data-start=\"347\" data-end=\"381\">dete\u00e7\u00e3o r\u00e1pida de movimento<\/strong> y <strong data-start=\"384\" data-end=\"414\">vis\u00e3o nocturna por infravermelhos<\/strong> para imagens n\u00edtidas tanto de dia como de noite.<\/p>\n<\/li>\n<li data-start=\"473\" data-end=\"729\">\n<p data-rm-block-id=\"block-7\">O <strong data-start=\"476\" data-end=\"506\">Painel solar GardePro SP350<\/strong> garante uma <strong data-start=\"521\" data-end=\"545\">autonomia prolongada<\/strong>, Funciona a pilhas, minimizando o uso de baterias. Incorpora <strong data-start=\"595\" data-end=\"627\">bateria recarreg\u00e1vel integrada<\/strong>, \u00e9 resistente \u00e0s intemp\u00e9ries e foi concebido para funcionar de forma fi\u00e1vel em ambientes exteriores.<\/p>\n<\/li>\n<\/ul>\n<h3 data-start=\"731\" data-end=\"814\" data-rm-block-id=\"block-8\"><\/h3>","protected":false},"excerpt":{"rendered":"<h3 data-start=\"134\" data-end=\"471\">O <strong data-start=\"137\" data-end=\"152\">GardePro A5<\/strong> \u00e9 uma c\u00e2mara de capta\u00e7\u00e3o de imagens potente e f\u00e1cil de utilizar, ideal para observa\u00e7\u00e3o da vida selvagem e vigil\u00e2ncia exterior. Captura <strong data-start=\"281\" data-end=\"334\">fotografias de alta resolu\u00e7\u00e3o e v\u00eddeo Full HD<\/strong>, tem <strong data-start=\"347\" data-end=\"381\">dete\u00e7\u00e3o r\u00e1pida de movimento<\/strong> y <strong data-start=\"384\" data-end=\"414\">vis\u00e3o nocturna por infravermelhos<\/strong> para imagens n\u00edtidas tanto de dia como de noite.<\/h3>","protected":false},"featured_media":27260,"template":"","meta":[],"product_brand":[],"product_cat":[102,138,129,109],"product_tag":[],"class_list":{"0":"post-27245","1":"product","2":"type-product","3":"status-publish","4":"has-post-thumbnail","6":"product_cat-camaras","7":"product_cat-camaras-basicas","8":"product_cat-gardepro","9":"product_cat-ofertas","11":"first","12":"instock","13":"taxable","14":"shipping-taxable","15":"purchasable","16":"product-type-simple","17":"add-to-wishlist-after_add_to_cart"},"_links":{"self":[{"href":"https:\/\/dinaturez.com\/pt\/wp-json\/wp\/v2\/product\/27245","targetHints":{"allow":["GET"]}}],"collection":[{"href":"https:\/\/dinaturez.com\/pt\/wp-json\/wp\/v2\/product"}],"about":[{"href":"https:\/\/dinaturez.com\/pt\/wp-json\/wp\/v2\/types\/product"}],"wp:featuredmedia":[{"embeddable":true,"href":"https:\/\/dinaturez.com\/pt\/wp-json\/wp\/v2\/media\/27260"}],"wp:attachment":[{"href":"https:\/\/dinaturez.com\/pt\/wp-json\/wp\/v2\/media?parent=27245"}],"wp:term":[{"taxonomy":"product_brand","embeddable":true,"href":"https:\/\/dinaturez.com\/pt\/wp-json\/wp\/v2\/product_brand?post=27245"},{"taxonomy":"product_cat","embeddable":true,"href":"https:\/\/dinaturez.com\/pt\/wp-json\/wp\/v2\/product_cat?post=27245"},{"taxonomy":"product_tag","embeddable":true,"href":"https:\/\/dinaturez.com\/pt\/wp-json\/wp\/v2\/product_tag?post=27245"}],"curies":[{"name":"wp","href":"https:\/\/api.w.org\/{rel}","templated":true}]}}

<h4 data-start="162" data-end="414" data-rm-block-id="block-1">Aproveite este pacote <strong data-start="177" data-end="196">especial</strong> e equipar a sua câmara com tudo o que precisa desde o primeiro dia. O <strong data-start="262" data-end="277">GardePro A5</strong> oferece imagens de alta qualidade, gravação Full HD, deteção rápida de movimento e visão nocturna para uma monitorização eficaz 24 horas por dia.</h4>
<h4 data-start="416" data-end="657" data-rm-block-id="block-2">Quando compra o pacote, este inclui <strong data-start="450" data-end="480">Painel solar GardePro SP350</strong>, que prevê <strong data-start="498" data-end="531">energia contínua e sustentável</strong>, Isto aumenta a autonomia da câmara e reduz a utilização de pilhas, mesmo em instalações exteriores de longa duração.</h4>
<h4 data-start="659" data-end="749" data-rm-block-id="block-3"><strong data-start="661" data-end="749">Mais autonomia, menos manutenção e melhor preço na compra conjunta dos dois produtos.</strong></h4>
<h4 data-start="731" data-end="814" data-rm-block-id="block-4"><strong data-start="734" data-end="814">A combinação perfeita para um funcionamento contínuo e sem manutenção.</strong></h4>
<ul>
<li data-start="134" data-end="471">
<p data-rm-block-id="block-6">O <strong data-start="137" data-end="152">GardePro A5</strong> é uma câmara de captação de imagens potente e fácil de utilizar, ideal para observação da vida selvagem e vigilância exterior. Captura <strong data-start="281" data-end="334">fotografias de alta resolução e vídeo Full HD</strong>, tem <strong data-start="347" data-end="381">deteção rápida de movimento</strong> y <strong data-start="384" data-end="414">visão nocturna por infravermelhos</strong> para imagens nítidas tanto de dia como de noite.</p>
</li>
<li data-start="473" data-end="729">
<p data-rm-block-id="block-7">O <strong data-start="476" data-end="506">Painel solar GardePro SP350</strong> garante uma <strong data-start="521" data-end="545">autonomia prolongada</strong>, Funciona a pilhas, minimizando o uso de baterias. Incorpora <strong data-start="595" data-end="627">bateria recarregável integrada</strong>, é resistente às intempéries e foi concebido para funcionar de forma fiável em ambientes exteriores.</p>
</li>
</ul>
<h3 data-start="731" data-end="814" data-rm-block-id="block-8"></h3>

<h3 data-start="134" data-end="471">O <strong data-start="137" data-end="152">GardePro A5</strong> é uma câmara de captação de imagens potente e fácil de utilizar, ideal para observação da vida selvagem e vigilância exterior. Captura <strong data-start="281" data-end="334">fotografias de alta resolução e vídeo Full HD</strong>, tem <strong data-start="347" data-end="381">deteção rápida de movimento</strong> y <strong data-start="384" data-end="414">visão nocturna por infravermelhos</strong> para imagens nítidas tanto de dia como de noite.</h3>
